e 0 = -0*s + 4*s + 4*o - 260, 5*s - 5*o = c. Calculate the remainder when s is divided by 29.
11
Suppose 12*s - 39717 - 28247 = -16568. Calculate the remainder when s is divided by 36.
35
Let n be -18 + 5 + 7 - -185. Let s = 192 - n. Suppose 3*d - 16 = -z, -5*z - 4*d = -d - 32. What is the remainder when s is divided by z?
1
Let a(h) = -21*h - 206. Let s be a(-10). Suppose -s*p + 222 = -n, 23*n = 5*p + 19*n - 283. What is the remainder when p is divided by 32?
23
What is the remainder when (5/((-140)/2289))/(21/(-868)) is divided by 1124?
7
Let u = 74 - 62. Suppose -11*a + 54 + u = 0. Let j = -9 - -25. What is the remainder when j is divided by a?
4
Let i(l) = l**3 - 55*l**2 + 104*l + 118. What is the remainder when 2337 is divided by i(53)?
9
Let v(g) = 4*g**3 + 31*g**2 - 156*g + 16. What is the remainder when v(5) is divided by 169?
4
Suppose -2*m + 244 = -o, 2*o = 6*o - 16. Let j(f) = -34*f - 5. Let x be j(-17). Suppose -x - 67 = -20*i. What is the remainder when m is divided by i?
28
Let n = 86 - 53. Let c(i) = 2*i**2 + 193*i + 4653. What is the remainder when n is divided by c(-45)?
15
Let z = -10 - -24. Let n = -43 - -99. Calculate the remainder when n is divided by z.
0
Suppose -16 = -g - 5*k + k, -2*g = -2*k - 42. Suppose 14*y + 450 = g*y. What is the remainder when y is divided by ((-7)/(-14))/(2/76)?
18
Let m = 552 - 537. Let t be (-2)/(-6) + (-1375)/(-15). Let y = -36 + t. What is the remainder when y is divided by m?
11
Let l be (-5*1/2)/(4/(-8)). Suppose -47 - 8 = -l*m. Let n = 153 + -103. What is the remainder when n is divided by m?
6
Suppose -4*j = -j + 9. Let x(l) = -5*l + 108. Let k(y) = -4*y + 71. Let m(h) = 6*k(h) - 4*x(h). Calculate the remainder when 8 is divided by m(j).
2
Let t be 372/6*1*1/2. Let p = 14 - t. Calculate the remainder when 1*115 + p + 17 is divided by 39.
37
Let l(m) = m**2 - 1 - 4*m + 0 + 0*m + 3. What is the remainder when 278 is divided by l(-5)?
43
Let r(s) be the first derivative of s**3/3 - 7*s**2 + 39*s - 43. What is the remainder when (0 + -101)*(-7)/7 is divided by r(13)?
23
Let y(z) = -9*z**2 + 18*z**2 - 2*z**2 - 6 - 8*z - 6*z**2. Let f be y(6). What is the remainder when 17 is divided by (-202)/f + (-12)/54?
6
Let w be -2 - (6 + -4)*-1. Suppose 4*d - 136 = -0*d. What is the remainder when d is divided by 6 + w - (-7 + 1)?
10
What is the remainder when (-7)/112*4*2*-150 is divided by ((-14)/(-3))/(4/18)?
12
Let g = 58 - 82. Let c = 79 + g. Suppose -5*j - 45 = -c. Calculate the remainder when j is divided by 2.
0
Suppose -2*f - 4*l + 12 = 0, 5*f - 4*l + 12 = -0*l. Suppose 0 = -5*a - h + 66, f*a + 3*h = -5*a + 58. What is the remainder when 52 is divided by a?
10
Let f = 216 + -211. Calculate the remainder when 158 is divided by f*(3 + (-152)/(-20)).
52
Let j = -104 + 112. Suppose 19*d + 4*n = 18*d + 23, n + j = d. Let w(a) = 25*a + 5. What is the remainder when w(5) is divided by d?
9
Suppose -8*y - 9276 = -14*y. What is the remainder when y is divided by 172?
170
Calculate the remainder when 83 is divided by 73/2 + -5 + 60/(-24).
25
Suppose 12708 = 8*v - 3907 - 1793. Calculate the remainder when v is divided by 27.
6
Let f = 73 + -13. Let j = 67 - f. Suppose -173 = -j*v - 61. What is the remainder when 62 is divided by v?
14
Suppose -g + 17*g - 2*g = 0. Suppose g = -4*k + 1090 - 202. What is the remainder when k is divided by 23?
15
Let y(n) = -5*n**2 + 303. Calculate the remainder when y(0) is divided by 78.
69
Suppose -92 = 2*a - 4*d, 11*d + 86 = -2*a + 12*d. Let s = 11 - -79. Let n = a + s. Calculate the remainder when n is divided by 11.
4
What is the remainder when 598 is divided by (-4*6/(-96))/(31/18724)?
145
Suppose -3*i - 35*s = -36*s - 118, -38 = -i - s. Calculate the remainder when 748 is divided by i.
7
Let m(z) = -z + 2. Let f be m(-3). Let x be 505/f + 1*-2. Suppose n + 2*n - x = 0. Calculate the remainder when n is divided by 17.
16
Let r(l) = -l**3 + 10*l**2 - 4. Let v be r(10). Let f(q) be the first derivative of q**2/2 + 27*q + 18. Calculate the remainder when 68 is divided by f(v).
22
Let k = 2920 - 2432. What is the remainder when k is divided by 126?
110
Suppose -599 = -31*w + 1168. Suppose 30 = x - 14. Calculate the remainder when w is divided by x.
13
Suppose 0 = 3*u - j - 134, 5*j - 8 = -u + 42. Suppose 3*v - 2*a - u - 26 = 0, -v - a + 32 = 0. Let s = v + -19. What is the remainder when 86 is divided by s?
6
Calculate the remainder when (333108/(-798))/(1/(-7)) is divided by 37.
36
Calculate the remainder when 4032 is divided by ((-24)/10)/(57/(227430/(-152))).
0
Suppose 3380*j - 3406*j + 572 = 0. Let f = 11 - 5. Calculate the remainder when j is divided by f.
4
Suppose 638 + 142 = 12*a + 8*a. Let m = -314 + 472. Let k = m - 45. What is the remainder when k is divided by a?
35
Let r(w) = -7 - 4 - 208*w + 14*w - w. What is the remainder when r(-1) is divided by 17?
14
Let t(q) be the third derivative of 3*q**4/4 + 7*q**3/6 + 18*q**2. What is the remainder when t(3) is divided by 16?
13
Let u(r) = r**2 - 5. Let w be u(-3). Let h be w/(1/1 + 0). Calculate the remainder when 35 is divided by h - 7 - (-30)/2.
11
Let f = -6526 - -12964. Calculate the remainder when f is divided by 10.
8
Suppose -19*c - 1676 + 1884 = -2946. What is the remainder when c is divided by 100?
66
Let l = 10677 - 9896. What is the remainder when l is divided by 16?
13
Suppose 2*k = -2, -3*y - 464*k + 309 = -467*k. Let q(c) = 2*c**2 + 3*c + 7. What is the remainder when y is divided by q(-4)?
21
What is the remainder when 14 - ((-272)/4 + -9) is divided by 24?
19
Let y = -5 + 7. Let h be (0/(-3 + 4))/y + -83. Let l = h + 89. What is the remainder when 41 is divided by l?
5
Suppose 1334 = 116*n - 638. Let f = -2 - -11. What is the remainder when n is divided by f?
8
Suppose 3*j - 20 = -2*j. Suppose -5*f = -3*c - 167, j*c = 2*f - 3*f + 15. Suppose -412*z = -443*z + 2220 + 1469. What is the remainder when z is divided by f?
26
Let r(k) = -2*k**2 - 27*k + 26. Let g be r(-12). Suppose -54*a = -55*a + g. Calculate the remainder when a is divided by 14.
6
Let v(m) = 3*m. Let u be 7 + -6 + (3 - 1). Suppose 0 = -y - 4*d + 67, -u*y + 0*y - 2*d = -251. Calculate the remainder when y is divided by v(5).
12
Let r = -16 - -25. Suppose 0*n + r = 3*n + 5*u, 0 = 2*n + 4*u - 4. What is the remainder when 4 - 1*(-36 - -1) is divided by n?
7
What is the remainder when 1020 is divided by (176/(-24))/(-11) - (-4 - 148/3)?
48
Let y(d) = -42*d - 359. Calculate the remainder when 340 is divided by y(-12).
50
Let g(x) = 19*x - 88. Let o be -6*1 + (-14 - -31). What is the remainder when g(o) is divided by 37?
10
Let k = 8 - -4. Suppose 8*j - 547 = -2*v + 101, -2*j - 4*v + 162 = 0. What is the remainder when j is divided by k?
9
Let p be ((-4)/2 - -1) + 8. Let f = 3 + 7. Suppose 0 = -f*j + p*j + 27. Calculate the remainder when 60 is divided by j.
6
Let d(y) = -11*y + 53. Let l be d(13). Let t = l + 112. Calculate the remainder when t is divided by (-7 - -3)*2/(-1).
6
Let n = 239 - -126. Suppose -5*o = -10*o - 3*s + 325, 3*s + 109 = 2*o. What is the remainder when n is divided by o?
55
Let b = -230 - -391. Let d(i) = i**3 + 58*i**2 + 52*i - 258. Calculate the remainder when b is divided by d(-57).
26
Let f = -3608 - -5383. Calculate the remainder when f is divided by 59.
5
What is the remainder when 4550 is divided by (-5 + 6 - -22) + 18?
40
Calculate the remainder when 58 is divided by 8/(-108) - (-7 - (5873/27)/7).
20
Let u = 3563 - 2375. Calculate the remainder when u is divided by 66.
0
Suppose z - 24 - 10 = 0. Let c = 61 + -2. Let w = 42 + c. Calculate the remainder when w is divided by z.
33
Suppose -5*x + 2*a = -688, 6*a + 20 = a. Calculate the remainder when x is divided by (47/6)/((-3)/(-18) - 0).
42
Suppose 2*d - 58 = -4*k, -3*d + 47 = 22*k - 18*k. What is the remainder when (2*1)/(2/49) is divided by k?
9
Let l(p) = p**3 - 2*p - 7. Suppose -300*u = -303*u + 288. Let g = u - 68. Calculate the remainder when l(5) is divided by g.
24
Let a = -6688 - -6926. What is the remainder when 719 is divided by a?
5
Let q(m) = 5*m - 148. Let g be q(25). Let u(r) = -28*r - 244. What is the remainder when u(g) is divided by 67?
65
Suppose 4*d - w + 1 = 0, 0 = 4*d + 2*w - 2. Let t = -53 + 52. What is the remainder when 9 is divided